 t?
9
Let h be 2 - 5 - (-1 - 3). Suppose 3*g + h = 13. Calculate the greatest common divisor of 24 and g.
4
Let n be 4/3*(6 - 3). Suppose -4*h = 1 - 5. What is the highest common divisor of n and h?
1
Let a(y) = 2*y**2 + 6*y + 4. Suppose 2*f - 30 = 7*f. Let x be a(f). Let v = -11 + 27. Calculate the greatest common divisor of x and v.
8
Suppose -5*y + 3*z + z = 32, 0 = 3*z + 6. Let u = 1 - y. Suppose 5*s + 5*x - 453 + 43 = 0, -4*s + 321 = -3*x. Calculate the greatest common divisor of u and s.
9
Suppose 0 = 4*c - 16 - 44. Suppose 5*n + c = 3*r, -r + 0 = -5*n - 5. Suppose n*f = 4*f - 52. Calculate the greatest common factor of f and 104.
13
Let g = -2 + 4. Let o be 362 + (-1 - -1) + g. Suppose -63 = -4*t - w + o, -3*t = -2*w - 334. Calculate the greatest common divisor of 12 and t.
12
Let l = -66 + 161. What is the greatest common divisor of l and 38?
19
Let p be 7/(-21) - 230/(-6). Suppose 2*v - 5*v - k = -p, -5*v + 64 = k. What is the highest common factor of v and 143?
13
Let j be 0/((-1)/(1/1)). Let q be 45/5 + (-3 - j). What is the highest common factor of q and 15?
3
Let n be (15/3)/(96/(-98) - -1). What is the highest common factor of 35 and n?
35
Suppose 160 + 48 = 2*d. Suppose d - 34 = 5*x. Calculate the highest common divisor of x and 98.
14
Let m = -653 + 662. Let w = 43 - 16. Calculate the greatest common divisor of w and m.
9
Suppose i - 6 = -k + 20, 0 = -5*k + i + 142. Calculate the greatest common factor of k and 4.
4
Let d(r) = -2*r**2 - 3*r + 5. Let c be d(-4). Let k be (32/5)/((-3)/c). Suppose -3*t - 3 + 15 = 0. Calculate the highest common divisor of t and k.
4
Let r(q) be the first derivative of -q**2/2 + 5*q + 4. Let h be r(-4). Calculate the greatest common factor of 99 and h.
9
Suppose -4*g - 32 = -s, 0 = 3*s - s + 2*g - 94. Let x(t) = 3*t + 1. Let n be x(7). Calculate the highest common factor of n and s.
22
Let c = 30 - 12. Let x = 27 - c. Let a = x + -2. What is the greatest common divisor of a and 14?
7
Suppose 0 = -4*s + 12, s + s = -5*j + 106. Calculate the greatest common divisor of 20 and j.
20
Let z be 1/(-4) + 301/4. Let n(g) = -g**2 + 13*g - 6. Let q be n(10). Let d = -9 + q. Calculate the greatest common divisor of d and z.
15
Suppose d = -5*v + 32, -v - 77 = -2*d - 24. What is the greatest common factor of 27 and d?
27
Let x be 40 + -3 - (2 + 0). Suppose -3*t - g - g = -48, 2*t = -4*g + 40. What is the greatest common factor of x and t?
7
Let j be (-2 + 2)*(-4)/16 + 5. Calculate the greatest common divisor of 65 and j.
5
Let q(s) be the second derivative of -s**5/20 - 7*s**4/12 - 4*s**3/3 - 2*s**2 + 4*s. Let u be q(-6). Calculate the greatest common factor of 64 and u.
8
Suppose 3*l - 8 = -2*r, -2*r + l = -l - 18. Let n be 10735/171 - (-2)/9. Calculate the highest common factor of r and n.
7
Suppose -5*k + 2*u + 68 = 0, -4*k + u + 21 = -31. What is the greatest common factor of 6 and k?
6
Let a = 15 + -76. Let i = 4 - a. Calculate the greatest common factor of 13 and i.
13
Let q(i) = -i**3 + 5*i**2 + 4*i - 7. Suppose 8 = -5*u + 33. Let c be q(u). Calculate the highest common divisor of 91 and c.
13
Let m(t) = 6*t**2 + t - 4. Let f be m(4). Calculate the greatest common factor of f and 12.
12
Let g(i) = 5 - i**3 - 2*i + 8*i - i - 6*i**2 - 11*i. Let r be g(-5). What is the greatest common divisor of 20 and r?
10
Let o be (-18)/1*20/(-6). Let h = -87 - -107. What is the greatest common divisor of h and o?
20
Suppose -3*z - 4*b + 115 = 0, 26 + 32 = 2*z - 2*b. Let o be 17/(-102) + (-2)/(-12). Suppose o = -5*d + z + 57. What is the highest common factor of 9 and d?
9
Let t(v) = 2*v**2 - 3*v + 5. Let h be 9 - 3 - 3*1. Let m be t(h). Calculate the highest common factor of m and 2.
2
Let x = 0 - -9. Let z = 10 + x. What is the greatest common factor of 57 and z?
19
Suppose 7*s + 9 = 4*s. Let f be s*((-6)/3)/2. Let m be 1 - (-10 + f + -3). What is the greatest common factor of 99 and m?
11
Suppose -w + 0*w + 4 = 4*t, 3*t + 4 = w. Suppose 4*c = w*n - 196, 5*n + 0*c - 272 = -4*c. What is the highest common divisor of 13 and n?
13
Suppose 27 = 4*l - 5. Calculate the greatest common divisor of 72 and l.
8
Let i = -2 - -8. Let v = 29 + -14. Calculate the greatest common factor of i and v.
3
Suppose -9 = -l - 3*g + 5, -28 = -3*l - 2*g. Calculate the greatest common factor of l and 20.
4
Let f = 137 + -93. What is the highest common divisor of 4 and f?
4
Suppose 6 = 3*z + 27. Let p = z - -8. Suppose 0 = k - 0*k - p. Calculate the greatest common factor of k and 4.
1
Let z = -54 - -93. Suppose 2*d + d - z = 0. What is the greatest common divisor of 104 and d?
13
Suppose 2*w = -2*w + 8. Let b = 0 + 3. Suppose -w*t + 7*h - 2*h = -6, 0 = -4*t - b*h + 38. What is the highest common divisor of t and 88?
8
Let x be (-6)/4*8/(-3). Suppose -r + s = -8, x + 4 = -4*s. What is the highest common factor of r and 12?
6
Let g = -6 - -4. Let u = 2 + g. Suppose u = -4*f + 47 - 3. Calculate the greatest common divisor of f and 44.
11
Suppose -5*q + 80 - 20 = 0. Let v(y) = 24*y - 12. Let o be v(5). What is the highest common factor of q and o?
12
Suppose 3*i - 6*i + 33 = 0. Let z be i + ((-9)/(-3) - 1). Calculate the highest common factor of 39 and z.
13
Let c = 21 + -8. Let k = -63 + 115. Suppose 0 = n - 0*n - k. Calculate the highest common factor of c and n.
13
Suppose w = -0*w + 3*h + 11, -3*h + 9 = 0. Calculate the highest common divisor of w and 180.
20
Let m(c) = 2*c**2 - 3*c - 1. Let q be m(-3). Suppose 0 = -2*t - b + 3*b + q, 20 = 4*b. What is the greatest common divisor of t and 9?
9
Let j(p) = -p + 1. Suppose -2*n + 5 = 3. Let b(f) = -10*f**3 + 2*f**2 - 1. Let v be b(n). Let t be j(v). What is the highest common divisor of t and 70?
10
Suppose 10 = -5*h, -5*w - 7 = 3*h - 1. Let v = -7 - -12. Suppose w*b - 3*y - 174 = -2*b, -5*b + 410 = v*y. What is the highest common divisor of b and 12?
12
Suppose 0 = n - 150 - 3. What is the highest common divisor of n and 17?
17
Suppose -a + 3*a + 21 = 5*c, 5*a = -5*c. Suppose 2*k + 4 = c*k. What is the highest common factor of k and 1?
1
Suppose -p + 5*p = 8. Suppose -2*g - 5*n + 45 = 3*g, -2*g - n = -20. Suppose -p*j + g = -11. Calculate the greatest common factor of 44 and j.
11
Let w = -51 - -54. What is the greatest common divisor of w and 3?
3
Let g(r) = -2*r + 2. Let v be ((-9)/6)/((-6)/8). Let j be g(v). Let a be 1/j*(0 + -26). What is the highest common factor of 26 and a?
13
Let m = 360 - 192. Let b(p) = -2*p**3 - 5*p**2 - 4*p. Let r be b(-3). What is the greatest common divisor of m and r?
21
Suppose 2*g = 12 + 8. Let i be (-125)/(-10)*(-32)/(-5). Calculate the highest common factor of i and g.
10
Let i = -31 - -36. What is the greatest common divisor of i and 5?
5
Suppose -4*j + 10*j = 18. What is the greatest common divisor of 39 and j?
3
Let c(a) = -a**3 + 8*a**2 + a + 2. Suppose -6*p + 4*p + 8 = 0. Let w be c(p). Let v = -8 - -18. What is the greatest common divisor of w and v?
10
Let c = 16 + 3. What is the highest common factor of c and 95?
19
Let k be (-134)/(-5) + (24/20)/6. What is the highest common divisor of k and 216?
27
Let l = -1 + -1. Let c(w) = 7*w**2 + w + 1. Let o be c(l). Calculate the greatest common divisor of 9 and o.
9
Let d be 1/2*80/8. Calculate the highest common divisor of 50 and d.
5
Let d(k) = k**3 + 5*k**2 + 2*k - 3. Let g be d(-3). Let j = g + -1. What is the highest common divisor of 56 and j?
8
Let b be (-10 + -2 + -2)*(-2)/4. Let q(r) = r. Let o be q(7). What is the greatest common divisor of o and b?
7
Suppose -5*y - 3*s = -816, -y + 5*s = -2*y + 172. What is the highest common divisor of y and 18?
18
Suppose 3*v + 3 = -3*c, -2*c = 3*v + 2*c + 8. Suppose -n + v = n. Suppose -240 = -o - n*o. What is the highest common factor of o and 32?
16
Let w = 21 + -10. What is the highest common factor of 33 and w?
11
Let x be ((-230)/15)/(4/(-6)). Let j = x + -13. What is the greatest common factor of 2 and j?
2
Let y(g) be the second derivative of -55*g**3/6 - g**2/2 + 2*g. Let z be y(-1). Calculate the greatest common factor of 6 and z.
6
Let o(h) = 5*h**2 + 40*h - 49. Let r(a) = -a**2 - 8*a + 10. Let y(c) = 2*o(c) + 11*r(c). Let x be y(-9). Calculate the greatest common factor of 1 and x.
1
Suppose -k - 7 = q, -3*k = -2*q - 2 + 8. Let d = -2 - q. Calcula